 be (-6)/(-10) - (-12 + 14 + (-454)/10). Let i = 150 - 57. Suppose i + 303 = k. Calculate the greatest common divisor of k and m.
44
Suppose -54 = -4*i - 10. Suppose i + 1 = o - g, 0 = -3*o - g + 48. Suppose o*q + 40 = 19*q. Calculate the greatest common factor of 15 and q.
5
Let o(v) = -171*v - 5060. Let d be o(-30). Calculate the greatest common divisor of d and 4158.
14
Let b(n) = 271*n - 154. Let a be b(28). What is the greatest common divisor of a and 56?
14
Suppose -1188 = 18*h - 15*h - 47*h. What is the highest common divisor of h and 675?
27
Let s be 1468/2569 + 19354/14. Calculate the greatest common divisor of 6 and s.
3
Let a be 48/(-64) - 138/(-24). What is the greatest common factor of 685 and a?
5
Suppose 2*j - 6*j = 2*z - 10, -18 = -5*j + 3*z. Let t be (18/15)/(j/225). Calculate the highest common divisor of t and 585.
45
Let k(v) = -3*v**2 - 11*v - 4. Let x(y) = 2*y**2. Let w(i) = -k(i) - 2*x(i). Let z be w(3). Calculate the greatest common factor of z and 238.
14
Let q(l) = 2*l**2 + 9*l + 33. Let u be q(-4). What is the highest common factor of 5568 and u?
29
Let j = 1 - -6. Let c = -740 + 755. Suppose 0 = -3*z - d + c, 3*z - 3*d = j + 8. What is the highest common divisor of z and 40?
5
Suppose 4*h + 445 = -3*r, 0*h - 2*h - 2 = 0. Let y = -135 - r. What is the highest common divisor of 48 and y?
12
Suppose 10*b + 41 + 19 = 0. Let k be (-50)/(-2) - -4*b/(-12). What is the highest common divisor of k and 162?
27
Suppose 496*c + 2976 = 508*c. Calculate the highest common factor of c and 5766.
62
Let f = -5 + 5. Suppose 5*v - 75 = -h, -2*h + 4*v + 142 - 48 = f. Let g be 71/13 + (-186)/403. What is the highest common factor of h and g?
5
Suppose 539 + 61 = 25*d. Calculate the greatest common divisor of d and 384.
24
Suppose 11*x = 3*x + 8. Let h be 6/(-12)*x - 83/(-2). What is the greatest common factor of 41 and h?
41
Let g(h) = -10*h + 125. Let t be (42/(-24))/(4/(-16)). Let c be g(t). What is the highest common factor of c and 33?
11
Let n(g) = -g**2 - 6*g + 19. Let p be n(-8). Suppose -p = d + 2. Let w be ((-7)/d - 2) + 18/5. Calculate the greatest common factor of 6 and w.
3
Suppose 25*f - 244 = 4*f + 596. Calculate the greatest common divisor of 1780 and f.
20
Let t = 38 - 9. Let k = 574 - 197. What is the greatest common factor of t and k?
29
Suppose v + 3*f - 210 = 0, -13*v + f - 622 = -16*v. Let i = v + -193. Calculate the greatest common divisor of i and 336.
14
Let s be 4/20 + (2 - (-63)/(-15)). Let q(k) = k**2 - 5*k. Let c be q(s). What is the greatest common factor of 77 and c?
7
Let x = 8278 + -8150. Calculate the highest common factor of x and 800.
32
Suppose -68*k + 70*k + 8 = 0, -128 = -4*b - 4*k. What is the highest common factor of 1575 and b?
9
Let d(i) = -152*i - 271. Let m be d(-2). Calculate the greatest common factor of 2321 and m.
11
Let j(t) = -3*t**2 - 34*t + 83. Let c be j(-7). What is the highest common factor of 4089 and c?
87
Let u(p) = -4*p**3 + 3*p**2 + 25*p + 84. Let i be u(-5). What is the greatest common divisor of i and 1424?
178
Let c = 18228 + -9508. Calculate the greatest common divisor of c and 60.
20
Let l = 6834 - 6729. Calculate the highest common factor of l and 280.
35
Let d(z) be the first derivative of 21*z - 1/3*z**3 + 5 - 1/2*z**2. Let o be d(0). What is the greatest common factor of 168 and o?
21
Let a(j) = 2*j**2 - 41*j + 18. Let f be a(20). Let y be 44 + f + -1 - -4. Calculate the greatest common factor of y and 3.
3
Let a(d) = 248*d**3 + d**2 - 13*d + 12. Let t be a(1). What is the highest common divisor of t and 434?
62
Let k = -22 + 44. Suppose 3706 = 3*x + 5*b, -2*x = 4*b - 2696 + 224. Suppose -717*s + x = -710*s. What is the greatest common divisor of s and k?
22
Let a = 30845 + -30803. What is the highest common factor of 19362 and a?
42
Let d = 11076 + -11039. Calculate the highest common factor of d and 8732.
37
Let s = -5 - -3. Let m be 21 - (s - -5 - 2). Let u(b) = -2*b**3 - 9*b**2 + 25*b - 30. Let p be u(-7). Calculate the highest common divisor of m and p.
20
Let f = -133 - -309. Let l(w) be the first derivative of -42*w**2 + 16*w + 275. Let m be l(0). Calculate the highest common divisor of f and m.
16
Let i be 14 + 70 + ((-4)/(-3))/((-8)/(-18)). Calculate the highest common factor of 48 and i.
3
Suppose -58*q + 5386 + 854 = 2*q. What is the greatest common factor of q and 3744?
104
Let n(u) = 6*u - 10. Let y be n(3). Let t(s) = s**2 + 27*s - 104. Let x be t(-31). What is the greatest common divisor of y and x?
4
Suppose 5*h + 2*d - 265 = 0, -3*h - 53 = -4*h + 2*d. What is the greatest common divisor of h and 8?
1
Suppose 2*u - 1492 = -2*o, 3*o + 2*u - 2242 = -0*o. Suppose 0 = -7*s + s + o. Let y = 202 - s. What is the greatest common divisor of y and 11?
11
Suppose -124*g + 22344 = -116*g. What is the highest common factor of g and 57?
57
Let p = 20503 - 20104. What is the highest common factor of p and 779?
19
Let l = 9686 + -9566. Calculate the highest common factor of l and 5120.
40
Let z be 3 - (2/1 - 1). Let w = 988 - 983. Suppose w*d - 6*h - 176 = -3*h, -d - 4*h = -26. Calculate the greatest common factor of d and z.
2
Suppose -19496 = -43*z + 6046. What is the highest common factor of z and 66?
66
Let p = -9135 + 14260. Calculate the greatest common divisor of p and 82.
41
Let f be 407/5 - 4/10. Let a(l) = -3*l + 332. Let z be a(-12). Suppose z = -11*v + 566. Calculate the greatest common divisor of v and f.
9
Let a(w) = w**3 - 10*w**2 + w + 58. Let g be a(11). Let c = 216 - g. Calculate the highest common divisor of c and 26.
26
Let a be 0/(-2) - (-1 - 1). Let y be (-2)/1 + 2 + a. Let b be y - (-60)/(6/3). What is the greatest common divisor of b and 32?
32
Let y be (-232)/3 + (-1)/(-3). Let m = -70 - y. Suppose -v = -4, 21 = z + 3*v + m. What is the highest common factor of z and 36?
2
Let a be 18 + -11 + (-8 - -8)/5. Let m be (-2 - -3)*4/2. Let k = 4 - m. Calculate the highest common divisor of k and a.
1
Let f = 16916 + -12586. Calculate the greatest common divisor of 10 and f.
10
Let b = 29 - 5. Let k = 134 - 122. Let z(t) = 2*t + 36. Let f be z(k). Calculate the greatest common factor of b and f.
12
Let g = 45 + -10. Let s be 82*(-1 + (-7)/(-2)). Let i be s/15 + 1/3. What is the highest common factor of g and i?
7
Let g(r) = 2*r**2 + 8*r - 9. Let b be g(-11). Let v = 895 + -639. Suppose h = -5*y + 74, 4*h - y - v = b. What is the greatest common divisor of h and 33?
33
Let a(i) = -772*i**2 - 16*i + 4. Let h be a(-4). Let v be h/370*5/(-2). Calculate the highest common factor of 332 and v.
83
Suppose -98 = -2*f + 2*o, o - 2 = -3. Suppose 3*u - 466 = 7*t - 6*t, 0 = 3*u + 2*t - 472. What is the highest common factor of u and f?
12
Let a = -136 - -130. Let d be 2*(-6 + 5) - (a - 2). Let z(l) = -l**3 + 5*l**2 - 10. Let u be z(4). What is the greatest common factor of d and u?
6
Suppose 10*o - 121 - 209 = 0. Suppose -3*j + 284 = j. Suppose -3*q + 5*d = -j, d = -q - 0*q + 21. Calculate the greatest common divisor of o and q.
11
Let w(h) = -34*h**2 - h + 1. Let q be w(1). Let l = q + 38. Suppose 3*t - 60 = -3*g, -2*t - l*g = -7*g - 45. Calculate the greatest common factor of 189 and t.
21
Let o(m) = m**2 + 38*m + 323. Let h be o(-27). Let b = -412 - -854. What is the highest common factor of b and h?
26
Let v(c) = 11*c + 1. Let d be v(-2). Let f be (-1)/(-4)*(-7)/d*204. Calculate the greatest common divisor of f and 272.
17
Suppose 19*g + 4*g - 34224 = 19*g. Calculate the highest common divisor of g and 207.
69
Let a(m) = -118*m - 7752. Let o be a(-67). Let b be 1/(-5) - (-386)/5. What is the greatest common factor of b and o?
77
Let g = 5126 + -4682. Calculate the greatest common factor of 9102 and g.
222
Let z = -5 + 6. Suppose 14 = -3*o + 86. Suppose 12*c - o = 6*c. What is the highest common factor of z and c?
1
Suppose -15 = -0*b - 5*b. Suppose -b*z + 605 = 2*z. Let k = 417 + -406. Calculate the highest common factor of k and z.
11
Suppose 5*f - 24 = -4. Let d(o) = o**3 - 3*o**2 - 3*o - 3. Let j be d(f). Let t be (-5 + 8 - 17)/(j/(-5)). What is the greatest common factor of 10 and t?
10
Let o = 45 - 24. Let x be 58 - -5*21/(-35). Suppose x*q - 84 = 53*q. Calculate the highest common divisor of o and q.
21
Suppose 0 = 5*j + 4*m + 270 + 296, 2*m - 458 